15999 (base 15) to base 13.
25932
What is 1535014 (base 6) in base 7?
524614
-1103a1 (base 13) to base 8
-1416154
What is -123347 (base 9) in base 5?
-4342034
What is -3223ab (base 13) in base 15?
-1836cd
1154431102 (base 6) to base 11
7608812
What is -7240 (base 8) in base 10?
-3744
111101011000100001 (base 2) to base 9
422801
Convert c19e8f (base 16) to base 7.
212566166
Convert -1010111101010001 (base 2) to base 12.
-21b81
-537742 (base 9) to base 5
-40230021
1112000201001 (base 3) to base 16
c525d
What is 1012212022 (base 3) in base 12?
11a45
What is 20442010 (base 5) in base 9?
281231
Convert -100010100101000001 (base 2) to base 4.
-202211001
Convert -2101002102 (base 3) to base 14.
-13053
a46b7 (base 12) to base 7
1554424
What is 1303322 (base 5) in base 10?
25462
What is 142120342 (base 5) in base 9?
1345451
What is 1957463 (base 11) in base 2?
1100100110101010011111
65162 (base 10) to base 5
4041122
What is -52309 (base 11) in base 10?
-76239
What is 2122023201 (base 4) in base 5?
130202041
-14ea62 (base 15) to base 16
-f6f0b
-1123400231 (base 5) to base 13
-6b7c81
What is -9123792 (base 10) in base 14?
-12d6dd6
What is -28068e (base 15) in base 6?
-105133042
What is 2201020000220 (base 3) in base 11?
8a4924
-1954d5 (base 14) to base 8
-3332323
Convert 43572 (base 8) to base 12.
a70a
-14aacc (base 14) to base 12
-2a9350
-a3112 (base 12) to base 15
-43052
What is 213335106 (base 7) in base 12?
4337526
-341614 (base 16) to base 14
-64bdd2
Convert -2957b (base 15) to base 6.
-2503042
What is -121102200010 (base 3) in base 13?
-b42a9
What is 1b218 (base 13) in base 8?
147537
What is -5c14b (base 14) in base 3?
-102110000101
Convert -26533c2 (base 13) to base 15.
-10c9d0c
What is -18074 (base 12) in base 7?
-203005
Convert -297191 (base 12) to base 5.
-134243022
4250462 (base 7) to base 5
113011310
Convert -34541 (base 12) to base 15.
-15a94
-2102010210111 (base 3) to base 15
-1a4d77
What is -13444562 (base 7) in base 15?
-19bca8
Convert -10110000010011101010 (base 2) to base 8.
-2602352
What is -642101 (base 8) in base 12?
-a3a81
What is -74b53 (base 12) in base 13?
-54c6c
-35435 (base 12) to base 2
-10001011100101001
Convert -744451 (base 8) to base 11.
-15a450
What is 1aac651 (base 13) in base 12?
2b6b189
-11633341 (base 7) to base 14
-1d4b58
What is 216351 (base 8) in base 4?
101303221
42335301 (base 6) to base 7
13360264
What is 733b05 (base 12) in base 3?
10101222221212
Convert -7be58 (base 15) to base 16.
-605ed
What is 511a7 (base 11) in base 13?
2805b
Convert -2322302 (base 6) to base 11.
-81a96
Convert -99819 (base 11) to base 9.
-240477
Convert -623b8 (base 12) to base 10.
-128444
What is -200001122210 (base 3) in base 15?
-70503
What is 1968697 (base 12) in base 7?
63412333
Convert 4236458 (base 9) to base 15.
2ec14b
-86c9a (base 15) to base 13
-11cb15
2b5b7 (base 12) to base 5
3430324
What is -26677640 (base 8) in base 2?
-10110110111111110100000
Convert 21110000001 (base 3) to base 2.
100011110001100010
Convert -2211132201 (base 4) to base 8.
-2453641
Convert -5c8c24 (base 13) to base 8.
-10355517
What is -10100010101001110011101 (base 2) in base 3?
-101000210010210
What is 22201112220202 (base 3) in base 6?
243212415
1221022121001 (base 3) to base 5
230423111
What is 2140021 (base 7) in base 4?
333321130
Convert 4034422124 (base 5) to base 9.
16251205
What is 161a9b (base 14) in base 8?
2746051
Convert 1400040 (base 6) to base 3.
10221200220
What is -21021212012002 (base 3) in base 14?
-72c136
Convert -7502 (base 12) to base 2.
-11001000010010
What is 7b8707 (base 13) in base 8?
13136424
Convert 104040 (base 8) to base 11.
24200
Convert 648735 (base 11) to base 16.
fd073
Convert -384662 (base 12) to base 11.
-579427
Convert -43053406 (base 8) to base 3.
-122022021100102
-22240717 (base 8) to base 3
-100000220200220
-21324013 (base 5) to base 9
-308032
68038a (base 14) to base 8
15370206
What is -23104 (base 7) in base 6?
-43124
11b9659 (base 13) to base 5
2404030014
-31132000132 (base 4) to base 16
-35e01e
What is -40992 (base 13) in base 14?
-30336
Convert -10531753 (base 8) to base 14.
-432b6b
687742 (base 12) to base 13
467090
2544441 (base 7) to base 6
11030130
Convert 4153682 (base 10) to base 4.
33312011102
Convert -24045 (base 10) to base 7.
-130050
-220320203 (base 4) to base 9
-274635
-13a287 (base 13) to base 12
-1b1517
What is -1010111110010111111110 (base 2) in base 9?
-5364354
13410101 (base 5) to base 7
1113526
300103220 (base 4) to base 11
125727
-1002222110101112 (base 3) to base 9
-32873345
-61a921 (base 15) to base 14
-88bd21
What is -6767c (base 14) in base 13?
-8a31c
Convert -77948 (base 10) to base 13.
-29630
Convert -5962a (base 14) to base 13.
-782b6
What is -2519ae (base 15) in base 16?
-1b1f1f
53817 (base 13) to base 7
1165362
-1d0987 (base 14) to base 4
-3331230023
What is -2001110312 (base 4) in base 6?
-15204222
What is fbad (base 16) in base 5?
4030204
Convert 114845 (base 10) to base 7.
655553
What is -2b4cc (base 16) in base 12?
-86778
What is 808231 (base 11) in base 15?
1a9ec2
423523 (base 11) to base 5
133144414
Convert -132436 (base 7) to base 10.
-24919
55719a (base 12) to base 16
14c146
-39372 (base 13) to base 11
-72755
Convert 6238739 (base 11) to base 10.
11006928
What is -4914b (base 16) in base 7?
-2354465
What is 23219 (base 12) in base 11?
32316
-58b6c (base 13) to base 7
-1244160
1325d (base 14) to base 16
b813
What is -2432661 (base 8) in base 14?
-135bb3
What is -2559398 (base 10) in base 11?
-1498a06
Convert 186130 (base 9) to base 8.
342463
2430003014 (base 5) to base 2
10101110000011101010101
Convert -1470172 (base 10) to base 8.
-5467334
Convert 1121022113 (base 4) to base 16.
59297
What is 2211120120 (base 3) in base 10?
55824
-15374b (base 15) to base 6
-33541555
-101222010121100 (base 3) to base 2
-10110001111000010111100
-180612 (base 10) to base 4
-230012010
-60067104 (base 8) to base 6
-1130144524
Convert -144431313 (base 5) to base 16.
-be7b0
Convert -12340221 (base 5) to base 16.
-1d9df
21212113231 (base 4) to base 5
1121011321
What is -111313321320 (base 4) in base 8?
-25677170
What is 1756b1 (base 13) in base 3?
1002122020001
What is -12230506 (base 9) in base 8?
-26647453
What is 14bc8 (base 15) in base 12?
32798
What is 1615190 (base 13) in base 5?
3304010044
-20226360 (base 8) to base 13
-b6722c
What is 166525 (base 11) in base 14?
69bbd
Convert 102103321320 (base 4) to base 9.
10025466
1c8504 (base 14) to base 3
1220220120200
What is 4fedc (base 16) in base 13?
b6029
Convert 66244 (base 7) to base 6.
204454
-201122122011100 (base 3) to base 10
-10444500
-5837 (base 16) to base 8
-54067
What is -211c (base 15) in base 12?
-4076
Convert -1b26a5 (base 13) to base 8.
-2505477
What is -3a561a0 (base 11) in base 10?
-7006615
Convert -3452e0 (base 15) to base 12.
-a05840
What is 3993a (base 11) in base 8?
157312
What is -96207 (base 13) in base 9?
-452140
What is 17361 (base 14) in base 15?
12417
What is -1039256 (base 12) in base 8?
-13540442
-84b248 (base 13) to base 15
-41636d
-a0735 (base 15) to base 2
-1111011111111100011
Convert 10044134323 (base 5) to base 16.
9ad1a5
Convert 17bab11 (base 12) to base 13.
1052476
Convert 2ca3c (base 13) to base 14.
230b9
2523010 (base 7) to base 13
b5012
What is 314a1 (base 13) in base 2?
10101101001101111
121301123001 (base 4) to base 15
8d6bc3
-54460324 (base 7) to base 9
-8707161
-356541 (base 10) to base 2
-1010111000010111101
29630 (base 11) to base 6
522312
What is 4928bb (base 12) in base 3?
2020021211222
What is -20021200101010 (base 3) in base 6?
-155330050
-121444342 (base 5) to base 8
-2151061
4b426 (base 15) to base 5
30144221
What is -1135260 (base 8) in base 4?
-1023222300
-32104115 (base 6) to base 8
-3457357
606c00 (base 14) to base 16
3186c0
-100100001100001100 (base 2) to base 14
-3c044
2344134230 (base 5) to base 8
24645402
What is 627325 (base 8) in base 2?
110010111011010101
Convert -10000001000110010 (base 2) to base 15.
-148b8
Convert 26250a (base 11) to base 2.
1100100111000101001
-12102133032 (base 4) to base 10
-1648590
Convert 22101213230 (base 4) to base 9.
5054842
What is -20123010 (base 5) in base 13?
-58390
What is -3611176 (base 10) in base 7?
-42460132
-42453413 (base 7) to base 15
-4b4928
67